or of 32620 and 105?
35
What is the greatest common divisor of 72 and 3078?
18
Calculate the greatest common divisor of 47170 and 20.
10
What is the highest common factor of 1248 and 39?
39
Calculate the highest common factor of 12 and 4908.
12
Calculate the greatest common divisor of 1558 and 82.
82
What is the highest common factor of 29 and 9541?
29
What is the highest common divisor of 2 and 374?
2
Calculate the greatest common divisor of 22 and 286.
22
Calculate the highest common factor of 36 and 153.
9
What is the greatest common factor of 35 and 1120?
35
What is the greatest common divisor of 344 and 8?
8
Calculate the highest common factor of 1464 and 61.
61
Calculate the greatest common divisor of 2929 and 707.
101
Calculate the highest common factor of 366 and 6.
6
What is the greatest common factor of 57 and 1292?
19
Calculate the highest common factor of 342 and 72.
18
What is the greatest common factor of 58 and 30769?
29
What is the greatest common factor of 128 and 9344?
128
What is the highest common factor of 36 and 27?
9
What is the greatest common factor of 10 and 684?
2
What is the highest common divisor of 100 and 75?
25
Calculate the greatest common divisor of 10 and 74.
2
Calculate the greatest common divisor of 560 and 700.
140
Calculate the highest common divisor of 40 and 2420.
20
What is the highest common divisor of 4028 and 76?
76
Calculate the highest common divisor of 1998 and 9102.
222
Calculate the greatest common factor of 10 and 215.
5
Calculate the highest common factor of 5103 and 147.
21
What is the highest common divisor of 23910 and 30?
30
Calculate the greatest common factor of 184 and 69.
23
Calculate the highest common divisor of 231 and 133.
7
Calculate the highest common factor of 6 and 508.
2
What is the greatest common factor of 44 and 2640?
44
Calculate the greatest common factor of 670 and 60.
10
Calculate the greatest common factor of 42 and 3332.
14
What is the highest common factor of 109 and 2943?
109
What is the highest common divisor of 35 and 1771?
7
What is the highest common divisor of 90 and 120?
30
Calculate the highest common factor of 16 and 296.
8
Calculate the greatest common divisor of 6853 and 22.
11
What is the greatest common divisor of 540 and 10740?
60
Calculate the highest common factor of 270 and 225.
45
What is the highest common factor of 4944 and 12?
12
Calculate the highest common factor of 150 and 42.
6
What is the greatest common divisor of 16 and 18712?
8
Calculate the highest common factor of 3352 and 120.
8
Calculate the highest common factor of 13419 and 36.
9
Calculate the greatest common factor of 68 and 1411.
17
Calculate the greatest common divisor of 8 and 628.
4
Calculate the greatest common factor of 39 and 143.
13
What is the greatest common divisor of 160 and 760?
40
What is the highest common divisor of 19 and 209?
19
Calculate the greatest common divisor of 2205 and 45.
45
Calculate the greatest common factor of 440 and 66.
22
Calculate the greatest common divisor of 16 and 128.
16
What is the highest common divisor of 711 and 158?
79
Calculate the highest common factor of 240 and 192.
48
What is the highest common divisor of 306 and 18?
18
What is the highest common factor of 117 and 325?
13
What is the greatest common factor of 44 and 312?
4
Calculate the highest common factor of 164 and 82.
82
Calculate the highest common factor of 90 and 630.
90
Calculate the highest common divisor of 1925 and 875.
175
Calculate the greatest common divisor of 210 and 105.
105
Calculate the highest common factor of 96 and 352.
32
What is the greatest common factor of 44 and 1474?
22
Calculate the greatest common divisor of 884 and 476.
68
Calculate the greatest common divisor of 31863 and 13.
13
Calculate the greatest common divisor of 14 and 8.
2
Calculate the highest common divisor of 760 and 16.
8
Calculate the highest common factor of 64 and 20896.
32
What is the greatest common divisor of 30771 and 117?
117
Calculate the greatest common factor of 6405 and 183.
183
What is the highest common factor of 76 and 532?
76
Calculate the greatest common divisor of 21 and 525.
21
What is the highest common divisor of 27 and 6183?
27
Calculate the highest common divisor of 42 and 105.
21
Calculate the greatest common divisor of 354 and 12.
6
Calculate the greatest common factor of 104 and 56.
8
Calculate the greatest common divisor of 205 and 10.
5
Calculate the greatest common divisor of 3200 and 2600.
200
Calculate the greatest common divisor of 268 and 79864.
268
What is the greatest common factor of 56 and 9422?
14
What is the highest common factor of 17 and 1258?
17
What is the greatest common divisor of 26 and 91?
13
Calculate the greatest common factor of 448 and 56.
56
Calculate the greatest common factor of 1441 and 1179.
131
Calculate the highest common factor of 32 and 1016.
8
Calculate the highest common divisor of 3034 and 410.
82
What is the greatest common divisor of 728 and 28?
28
Calculate the highest common factor of 130 and 2990.
130
Calculate the highest common divisor of 8 and 62.
2
Calculate the highest common divisor of 416 and 160.
32
Calculate the greatest common factor of 153 and 17.
17
Calculate the highest common divisor of 227 and 3.
1
What is the highest common divisor of 434 and 28?
14
Calculate the greatest common factor of 6205 and 85.
85
Calculate the greatest common factor of 1278 and 1207.
71
What is the greatest common divisor of 1472 and 46?
46
Calculate the greatest common factor of 261 and 32.
1
Calculate the greatest common divisor of 410 and 1350.
10
What is the highest common factor of 82 and 15498?
82
Calculate the greatest common factor of 480 and 10896.
48
Calculate the highest common divisor of 1744 and 218.
218
Calculate the highest common factor of 18345 and 30.
15
Calculate the highest common divisor of 931 and 301.
7
Calculate the greatest common factor of 3375 and 90.
45
What is the greatest common factor of 38 and 247?
19
Calculate the highest common factor of 3139 and 129.
43
What is the greatest common divisor of 3322 and 44?
22
What is the highest common factor of 138 and 7314?
138
What is the highest common factor of 1561 and 3791?
223
Calculate the greatest common divisor of 14 and 16814.
14
Calculate the greatest common divisor of 76 and 166.
2
What is the highest common factor of 352 and 88?
88
Calculate the highest common divisor of 13 and 403.
13
Calculate the highest common divisor of 480 and 300.
60
Calculate the greatest common divisor of 8 and 296.
8
Calculate the greatest common factor of 17 and 1241.
17
What is the highest common factor of 44 and 176?
44
Calculate the greatest common divisor of 2665 and 26.
13
Calculate the highest common factor of 1943 and 87.
29
What is the highest common divisor of 159 and 530?
53
Calculate the greatest common factor of 44 and 1056.
44
Calculate the highest common divisor of 49 and 91.
7
Calculate the greatest common factor of 94 and 4277.
47
What is the greatest common factor of 286 and 442?
26
Calculate the highest common factor of 20 and 1940.
20
Calculate the highest common divisor of 16 and 2264.
8
What is the greatest common divisor of 46 and 782?
46
What is the greatest common factor of 4125 and 495?
165
Calculate the highest common factor of 232 and 16.
8
Calculate the greatest common divisor of 270 and 216.
54
What is the highest common factor of 9 and 477?
9
What is the greatest common factor of 33 and 627?
33
What is the greatest common divisor of 189 and 168?
21
Calculate the highest common factor of 40 and 16.
8
What is the greatest common divisor of 36950 and 50?
50
Calculate the highest common factor of 3168 and 24.
24
What is the highest common divisor of 255 and 6120?
255
What is the highest common factor of 4959 and 58?
29
What is the highest common divisor of 125 and 3200?
25
Calculate the greatest common factor of 11555 and 5.
5
What is the highest common factor of 468 and 144?
36
Calculate the highest common factor of 7632 and 144.
144
Calculate the greatest common divisor of 440 and 280.
40
Calculate the highest common factor of 2856 and 3864.
168
Calculate the highest common divisor of 1909 and 23.
23
Calculate the highest common divisor of